. What are the prime factors of u(5)?
2, 251
Suppose 4 + 4 = 2*b. Let o(c) = c**3 - 3*c**2 + 9*c - 4. What are the prime factors of o(b)?
2, 3
Let g = 250 - -136. What are the prime factors of g?
2, 193
Let b = -1 + 1. Suppose -z + 5*z - 16 = 2*h, b = -3*h. Suppose -5*o = -z*o - 28. List the prime factors of o.
2, 7
Let x(r) = r**3 + 3*r**2 + 2*r + 3. Let j be x(-3). Let v be ((-2)/j)/((-3)/9). What are the prime factors of -2 - (v/(-1) + -24)?
2, 5
Let h = -135 - -170. List the prime factors of h.
5, 7
Let d = -143 + 145. Suppose -5*h = -6*q + d*q + 215, -q - 4*h + 80 = 0. List the prime factors of q.
2, 3, 5
Let l(t) be the third derivative of -11*t**4/8 - 3*t**3/2 - 23*t**2. What are the prime factors of l(-2)?
3, 19
Let l(n) = -16*n**3 + 11*n**2 + 9*n + 4. What are the prime factors of l(-4)?
2, 73
Let t(j) = -j**2 + 11*j - 8. What are the prime factors of t(9)?
2, 5
Let h(g) = 2*g**3 - 2*g**2 - g + 2. Let z be h(1). What are the prime factors of (2 + z)*168/18?
2, 7
Suppose 13*s = 21*s - 1752. List the prime factors of s.
3, 73
Let p(o) = -o**2 + 2. Let j be p(-4). Let v be (-3 + j/(-4))*32. Let s = v - 13. List the prime factors of s.
3
Let k(l) = -l**3 + 7*l**2 - l + 20. What are the prime factors of k(-6)?
2, 13, 19
Let g(d) = 437*d + 15. What are the prime factors of g(5)?
2, 5, 11
Suppose i - 394 = -z, -4*i = -2*z - 1765 + 165. List the prime factors of i.
2, 199
Let r(n) = -n**2 - 3*n + 32. Let o be r(-13). Let y = o - -276. What are the prime factors of y?
2, 89
Suppose -4*u - 52 = -0*u. Let c(n) = 4*n**2 + 19*n. Let s(q) = -9*q**2 - 39*q - 1. Let i(a) = -7*c(a) - 3*s(a). What are the prime factors of i(u)?
2, 3, 7
Let m = -13 + 15. What are the prime factors of ((-13)/m)/(10/(-20))?
13
Let r be ((-1)/3 - (-1)/(-6))*-4. Suppose -514 = -4*f + 2*t - 3*t, -r*t - 508 = -4*f. List the prime factors of f.
2
Suppose -y - 11*k = -6*k - 2290, 4*y - 9232 = 4*k. List the prime factors of y.
5, 461
Suppose -87970 = -133*j - 3249. What are the prime factors of j?
7, 13
Let l = 16477 + -11645. What are the prime factors of l?
2, 151
Let z(p) = 10*p + 12. Let x be z(-15). Let m = -58 - x. List the prime factors of m.
2, 5
Suppose -c + 5*x = -189, 0 = 2*x - 11 + 3. Suppose 0 = 2*y - c + 67. List the prime factors of y.
71
Suppose c = 3*c + 184. List the prime factors of (6/(-4))/(2/c).
3, 23
Suppose -5*c - k - 3*k - 416 = 0, 3*c + 4*k = -256. Let h be 4*(-12)/(-64)*c. Let p = 94 + h. What are the prime factors of p?
2, 17
What are the prime factors of 0 + ((-6456)/(-9) - 1/3)?
3, 239
Let h(i) = i**2 + 13*i + 3. Let y be h(-10). What are the prime factors of -12 - -9 - (y + -2)?
2, 13
Let f = -8 + -2. Let z(x) = -2*x + 9. Let o be z(f). Let b = o + -21. List the prime factors of b.
2
Let i = 46 - 0. Let c be -8 + (1 - (-2 - -3)). Let q = i + c. List the prime factors of q.
2, 19
Suppose 13*t = 4181 + 2657. Suppose 5*o = -5*l + t + 199, 3*o = -5*l + 443. List the prime factors of o.
3, 47
Let y = -1456 - -962. Let r = -283 - y. What are the prime factors of r?
211
Suppose -2*p - 4 = 0, 0 = c + 3*c + 3*p - 2166. List the prime factors of c.
3, 181
Suppose 2*d = 3*n + 1183, n = 4*d - 1053 - 1338. Suppose -4*m = i - d, 4*m + 0 - 608 = -4*i. What are the prime factors of m?
149
Suppose 3*z = 2*o - 4*o + 30, 0 = -4*z + 5*o + 17. Let k be (z - 8/(-4))/(-2). List the prime factors of (-9)/(((-20)/(-12))/k).
3
What are the prime factors of (131144/(-56))/(-1) + 42/(-49)?
2341
Let p = -604 - -1407. List the prime factors of p.
11, 73
Let r(v) = -v**2 + v - 20. Let o be r(0). What are the prime factors of (-24)/o*((-1650)/9)/(-5)?
2, 11
Suppose 2*r - 6 = -r. Let b be -72 - r/1*-2. Let x = b - -104. What are the prime factors of x?
2, 3
Suppose -3*a = 3*a - 366. Let k = 119 - a. What are the prime factors of k?
2, 29
Let r = 3793 - 1461. What are the prime factors of r?
2, 11, 53
List the prime factors of 1023*(6 + (-119)/21).
11, 31
Let s(j) = 15*j**2 - 5*j - 8. Let i be s(-8). Suppose 2*g - 10*g = -i. What are the prime factors of g?
2, 31
Let a = -462 - -1425. List the prime factors of a.
3, 107
Let n(u) = -u**2 + 49*u - 79. What are the prime factors of n(34)?
431
Suppose -t + 6*t + 5*n - 5895 = 0, 0 = -5*t - 4*n + 5896. Suppose -t = -38*i + 33*i. List the prime factors of i.
2, 59
What are the prime factors of 2980/8*(2 + 3 + -3)?
5, 149
Suppose 5*v - 306 = 69. List the prime factors of (-2)/(-4) - v/(-30).
3
Let b(w) = -574*w + 79. List the prime factors of b(-4).
5, 19
Let c(a) = -a**3 - 3*a**2 - 4*a - 2. Let h be c(-2). What are the prime factors of -3 - 252/(h + -5)?
3
Suppose -z - 14 = z - 2*j, 0 = 2*z - 5*j + 26. List the prime factors of 103 + (-6)/(0 - z).
101
Let x(p) = 14*p + 10. Let j(h) = 1. Let k(v) = -6*j(v) + x(v). What are the prime factors of k(3)?
2, 23
Let s(g) be the third derivative of 47*g**4/24 - 7*g**3/3 - 31*g**2. List the prime factors of s(4).
2, 3, 29
Suppose 4 + 20 = 6*j. Suppose 3*c - j*t - 35 = -0*t, -2*c + 5*t + 28 = 0. What are the prime factors of c?
3
Let j = -13 + 14. What are the prime factors of j/2 + 536/16?
2, 17
Let i(p) = -13*p**3 - 24*p**2 - p - 18. List the prime factors of i(-7).
2, 409
Let i be -12*(-2)/9*6. Suppose n - 3*a + 0*a = i, 7 = 2*n - a. List the prime factors of (n/1)/((-2)/(-46)).
23
Suppose -4*z - 15*z + 1482 = 0. Let n = 113 - z. List the prime factors of n.
5, 7
Suppose c + 2*w - 1147 = 0, -5*c + 4*w + 3461 = -2*c. List the prime factors of c.
1151
Suppose 2*p + 2*p - 2*t - 6380 = 0, 2*t + 7975 = 5*p. What are the prime factors of p?
5, 11, 29
Let a = -68 + 42. Let z be (a/2)/(4/8). Let q = -2 - z. List the prime factors of q.
2, 3
Suppose -3*z + 9662 = -2*w - 0*w, 0 = w + 4. What are the prime factors of z?
2, 1609
Let k be (0 + 0)/(-7 + 6). Suppose 2*u + 14 = -4*j + u, k = -2*j + u - 4. What are the prime factors of j + (4 + -4 - -18)?
3, 5
Let c(r) = 9*r**2 + 4. What are the prime factors of c(2)?
2, 5
Suppose 0 = t - 14*t + 11206. What are the prime factors of t?
2, 431
Let o(k) = -k**3 + 2*k**2 + k. Let d(m) = -2*m + 14. Let t be d(6). Let i be o(t). Suppose 39 + 23 = i*a. List the prime factors of a.
31
Suppose -3*p - 524 = 4*f, 53 = -2*f + 3*p - 209. Let g = -185 - f. Let v = g - -76. What are the prime factors of v?
2, 11
Suppose 2*c - 5*m = -27, 4*c + 4*m - m = -15. Let d = c + 10. List the prime factors of d.
2
Let g(k) = -k**2 - 3*k - 3. Let u be g(-3). Suppose 7*c + 56 = 5*c. What are the prime factors of (u - c) + -1 + 1?
5
Let b = 97 - -113. List the prime factors of b.
2, 3, 5, 7
Suppose 7*k + 32 = -k. List the prime factors of 13/(-39) + ((-224)/6)/k.
3
Let a = -2153 - -4294. What are the prime factors of a?
2141
Let t(v) = -19*v - 33. Let m be t(-3). List the prime factors of ((-1554)/m)/(3/24*-2).
7, 37
Suppose -2*v - 11 = s, -v + 10 = -3*s - 2. Let o = 47 - v. What are the prime factors of o?
2, 5
Let i be (27/(-5 - -2))/1. Let k = i + 9. Suppose k = -j + 10 + 24. List the prime factors of j.
2, 17
What are the prime factors of 16/128 + (-142026)/(-48)?
11, 269
Let z = -19 + 21. Suppose -b = -4*h - z, 8*h - 3*h + 8 = 4*b. Suppose 0 = 3*u + 4*r - 217, 359 = 5*u + 2*r + b*r. List the prime factors of u.
71
Let m(s) = 27*s**2 + 3*s + 2. Let g(q) = 26*q**2 + 4*q + 2. Let a(t) = -5*g(t) + 6*m(t). Suppose 5 = -2*z + 7*z. What are the prime factors of a(z)?
2
Let c(z) = -8*z**3 + 2*z**2 - 6. List the prime factors of c(-2).
2, 3, 11
Let s(o) be the first derivative of 2*o**2 + 4*o - 5. Let k be s(5). Suppose -5*d + k = -26. What are the prime factors of d?
2, 5
Let d = 6851 + -3179. What are the prime factors of d?
2, 3, 17
Let j be (-12)/(-2) + -2 + (6 - 8). What are the prime factors of (j - -1 - 0) + 3 + 139?
5, 29
Let x(c) = -11*c + 38. Let z be x(-4). Suppose 2*w = 244 - z. What are the prime factors of w?
3
Let p(n) = 57*n**2 + 8*n + 5. List the prime factors of p(4).
13, 73
Let c = -20 - -28. Let j = -6 + c. Suppose 2*y - j*i = -y + 2, 4*i - 14 = -3*y. What are the prime factors of y?
2
Suppose 323 + 1153 = 9*t. Suppose -5*h = -3*h - t. List the prime factors of h.
2, 41
Let y(h) = -2*h**2 - 2*h - 3. Let k be y(-2). Let d = 10 + k. Suppose -50 = -4*n + d*w, -3*n - w - 12 = -4*n. What are the prime factors of n?
2, 7
Suppose 0*d - 9 = 3*d. Let u be 3/d - (-3 + 0). Suppose 